it of g?
2
Let m be (4/8)/((-1)/(-2)). Suppose -j - m = -5, -5*j = -o - 18. Suppose t + 5*x = 4, -6 - 19 = -3*t - o*x. What is the units digit of t?
9
Suppose -3*r + 32 = r. Let o = -2 + r. Suppose -4*j + 12 = -k, k - 24 = -o*j + j. What is the units digit of j?
4
What is the units digit of 34/2 - 3/(-3)?
8
What is the units digit of ((-4)/(-8) - 2)*(-340)/6?
5
Suppose 4*w - 8 = -d - 0, 1 = -5*w - 4*d. Let j(x) = 2*x - 2. Let z be j(w). Suppose 2*y = 2*q + z, -y - 3*q = -5*y + 11. What is the units digit of y?
5
Suppose z - 12 - 50 = -5*d, -3*z = -3*d - 204. What is the tens digit of z?
6
Suppose 4*q - 3*b - 176 = 0, -3*q + 6*q - 3*b = 129. What is the tens digit of q?
4
Let j(i) = i**2 - 2*i + 1. Let m be j(2). Let h(b) = 11*b. What is the units digit of h(m)?
1
Let a(t) = 3*t - 6. What is the units digit of a(3)?
3
What is the units digit of (-75)/(-20) + (-1)/(-4)?
4
Suppose -3*m = w - 3, w + 2*m = -0*m + 2. Let n(f) = -f + 31. What is the tens digit of n(w)?
3
Let u(n) = -n**3 + 3*n**2 + 5*n + 3. Let h be u(4). Suppose -y = -h + 1. Suppose -5*k + 16 = y. What is the units digit of k?
2
Let v be (30/(-4))/(15/(-40)). Suppose 5*l - 3*z = v, -2*l - 2*z = -z - 19. Suppose 1 = 2*a - l. What is the units digit of a?
4
Suppose -2*k + 7 = -1. Suppose -4*m + 9 = 2*v - 7, k*v - 23 = -5*m. What is the units digit of v?
2
Let p(z) = -z**3 + 9*z**2 + 2*z + 10. What is the tens digit of p(-4)?
1
Let y(f) = f**2 - f + 3. Let x be y(3). Let j(p) = -p + 21. Let u be j(x). Suppose -4*a + u = -a. What is the units digit of a?
4
Let s(n) = -n**3 - 3*n**2 - n - 1. Let a be s(-3). Suppose -2*j = a*j + 3*m + 5, 3*j = -3*m - 3. Let o = j + 7. What is the units digit of o?
5
Let m be 2*-2*(-15)/(-12). Let k = m - -9. What is the units digit of -1*(4 - 2) + k?
2
Suppose 1005 = 7*a - 2*a - 5*l, a = -l + 209. What is the units digit of a?
5
Suppose -4*n + 3*b = -137, -b - 135 = -4*n + 4*b. What is the tens digit of n?
3
Suppose 4*q + i + 38 = 0, -6 - 2 = 4*i. Let v(d) = -d**2 - 11*d - 9. Let k be v(q). Let p = k - 5. What is the units digit of p?
4
Let d = 17 + -19. Let s = 21 - d. What is the tens digit of s?
2
Let u(w) = 1 + 5 + 3*w**2 - 5*w + w**3 + 1 - 4. What is the units digit of u(-4)?
7
Suppose 2*s - s = u + 27, 54 = 2*s - 3*u. What is the tens digit of s?
2
Let d = -2 + 21. Let m = 48 - d. What is the units digit of m?
9
Suppose 18 + 27 = -s - 5*z, -4*z - 72 = 2*s. Let k = 1 + s. Let b = -21 - k. What is the units digit of b?
8
Suppose 2*g + 8 = -5*i, 0 = 4*i - g - 4*g - 20. Suppose i*j + 58 = 2*j. What is the tens digit of j?
2
Suppose -3*r = 4*i - 6, 2*r + 0 - 4 = 2*i. What is the units digit of ((-1)/r)/(1/(-12))?
6
Let k(y) = -3*y + 1. Let t = 5 + -6. What is the units digit of k(t)?
4
Suppose 5*k - 2*v = v - 42, -2*k = 2*v + 4. Let b = k + 8. Suppose -j + b = -3. What is the units digit of j?
5
Let c(s) = -6 + 2 - 3*s + 7*s + 3*s. What is the tens digit of c(5)?
3
Suppose 0 = -4*x + 4 + 8. Suppose x*r = 8*r - 45. What is the units digit of r?
9
Let p(y) = y**2 - 10*y + 8. Let k be p(10). Suppose 0 = -3*z + 3*h + 27, 3*z + 0 = 4*h + 22. Let f = z - k. What is the units digit of f?
6
Suppose -2*l + 3*l = 2. Let u(m) = 20*m + 2. What is the tens digit of u(l)?
4
Let j(z) = 3 + 5*z**2 - z**2 - 3*z**2 - 5*z. Let o be j(5). Suppose 0 = 8*b - o*b - 5. What is the units digit of b?
1
Suppose 3*b + 8 = 80. Suppose 3*k = 24 + b. What is the units digit of k?
6
Let s(v) = -v**2 - 2*v + 6. Let q be s(4). Let f = q - -33. Let a = f - 4. What is the units digit of a?
1
Suppose 5*j - 2*j - 60 = 0. What is the tens digit of j?
2
Suppose 2*d + 5*t = 27, -36 = -d + 7*t - 5*t. What is the tens digit of d?
2
Let j(q) = 3*q**2 + 6*q. What is the hundreds digit of j(-12)?
3
Suppose -12 = 3*r + r. Let p(l) be the third derivative of l**6/120 + l**5/15 - l**4/12 - l**3/2 + l**2. What is the tens digit of p(r)?
1
Let r(f) = -5*f**3 + 3*f**2 + 2*f - 1. What is the tens digit of r(-2)?
4
Let v(c) = 2*c**2 - 6*c - 4. Let u be v(5). Suppose -5*j + 3*j = u. What is the units digit of ((-14)/j)/(3/12)?
7
Let k(r) = -r**2 - 7*r - 6. Let j be k(-5). Suppose -j*f = -2*b, 4*f = 3*b - 2 - 2. What is the units digit of f?
2
Suppose 0*b + 455 = 5*b. Let z = -54 + b. What is the units digit of z?
7
Let k be 2/1*10/4. Suppose k*w - 2*d - d - 17 = 0, 4*w + 2*d - 18 = 0. What is the units digit of w?
4
Let z(a) = a**3 - a**2 - 4*a + 2. What is the units digit of z(3)?
8
Let c = 1 - 3. Let g be 2 + 2/(-6)*-3. Let w = g + c. What is the units digit of w?
1
What is the units digit of 0 - (-10 - (-4 - -2))?
8
Let m(o) = o**2 - 2*o - 12. What is the tens digit of m(-5)?
2
Suppose -2*p + 82 = -5*z, 0 = -z + 4*z - 3*p + 42. Let s = z - -66. What is the units digit of s?
8
Suppose -2*v - 2*v + 76 = 0. Let p = -11 + v. Let l = p + -5. What is the units digit of l?
3
Let m(h) = -h**2 + 8*h - 7. Let t(o) = -1. Let y be (-7)/(-5) - 2/5. Let n(s) = y*m(s) - 2*t(s). What is the units digit of n(6)?
7
Suppose 8 = -2*k, -5*k - 233 + 21 = -3*g. What is the units digit of g?
4
Suppose 30*n = 24*n + 984. What is the units digit of n?
4
Let b(n) = -3*n**3 - n**2 - 6*n - 3. Let t(g) = g**3 + g + 1. Let d(c) = b(c) + 5*t(c). Suppose 0 = -5*r + r + 8. What is the tens digit of d(r)?
1
Let o = -60 - -88. What is the units digit of o?
8
Let t = 78 + -58. What is the units digit of t?
0
Suppose 5*f = 9*f + 4. Let x = -1 + f. What is the units digit of (x - 0)/(2/(-8))?
8
Let j(y) = y**2 + y + 3. What is the tens digit of j(-4)?
1
Suppose r = -3*s - 19, 2*r + 12 = -3*s - 5. Let l(o) = -o - 4. Let i(q) = 1. Let t(f) = 4*i(f) - l(f). What is the units digit of t(s)?
1
Let w = 327 + -227. What is the units digit of w/4*4/10?
0
Let s(k) = 3*k - 8. Suppose 5*c - 3*c = -3*f + 6, -f - 26 = -4*c. What is the tens digit of s(c)?
1
Suppose 9 + 6 = 5*m. Suppose m*c = g + 4*g + 32, -2*g - 8 = 0. Suppose 20 = c*x - 12. What is the units digit of x?
8
Let s(m) = 4*m - 6. Suppose -2*f = f + 6. Let c be 40/15*(-3)/f. What is the tens digit of s(c)?
1
Suppose 3*g + 8 = h + 5*g, -5*h - 20 = -5*g. Suppose h = c + c - 18. What is the units digit of (6/c)/(2/12)?
4
Let g be (-52)/14 - (-8)/(-28). What is the units digit of (6 + g)*38/4?
9
Suppose -h + 3*z = 3*h - 18, 4*h + 3*z - 6 = 0. Suppose -h*c + 23 = 4*m - 0*c, -4*c + 12 = 3*m. What is the units digit of m?
8
Let b be (2/4)/((-1)/(-2)). Suppose -7 = -z + b. Suppose -5*o + z = -2. What is the units digit of o?
2
Suppose 3*s + 4*q - q - 3 = 0, s - 1 = -2*q. Suppose -5*i + 19 = d, 3*d + s - 7 = 2*i. What is the units digit of d?
4
Let t(m) = -m**2 - 5*m - 6. Let d be t(-4). What is the units digit of 12 + (-2)/d + 2?
5
Suppose 0 = -3*p - 4 + 7. Suppose 0 = -3*m - u - 3 + p, -4*u - 8 = -2*m. Suppose -w + 9 = -m*w - k, w - 15 = 4*k. What is the units digit of w?
7
Let a be 1/(((-3)/21)/(-1)). Suppose 3 = -2*l + a. What is the units digit of l?
2
Suppose -2*o + 7*o - 340 = 0. What is the units digit of o?
8
Suppose -3*n = 3*d - 30, n = -0*n + 5. Suppose j - d*i - 22 = -i, -j + 2*i = -14. What is the units digit of j?
6
Suppose 0 = 4*y + 15 - 63. What is the units digit of y?
2
Let t = -7 - -1. Let x(k) = -k**2 - 6*k + 5. Let j be x(t). Let a(g) = g - 1. What is the units digit of a(j)?
4
Suppose 8 = -5*m + 18. Let s = m + 1. Suppose 0 = -s*y + 6 + 6. What is the units digit of y?
4
Let s be (-9)/(-3) + -2 + 9. Suppose 0 = b - l - 10, -2*l = -0*l + s. Suppose -m + 2*f - 1 - 1 = 0, -b*m = 5*f - 20. What is the units digit of m?
2
Let h be (-2)/5 - (-12)/5. Let c = 35 - 33. Suppose -m = 4*l - c, -10 = -5*m + 3*l + h*l. What is the units digit of m?
2
What is the units digit of 426/(-4)*((-21)/(-9) - 3)?
1
Let p(q) = 2*q**3 - 13*q**2 - 6*q + 5. Let m(v) = v**3 - 7*v**2 - 3*v + 3. Let t(u) = 11*m(u) - 6*p(u). What is the units digit of t(-2)?
9
Let t = -4 - -28. Suppose t = 3*m + m. What is the units digit of m?
6
Suppose 0 = -0*x - 4*x. Suppose -2*h = 5*w + 2*h - 32, x = -2*w + 3*h - 1. What is the units digit of w?
4
Let l = -16 + 9. Let g be (12/14)/(l/(-49)). What is the units digit of 2 + (3 + g - 2)?
9
Let i = -37 + 150. What is the hundreds digit of i?
1
Let l = 32 - 10. What is the tens digit of l?
2
Let i be -1*3 - (26 - -1). Let g be ((-96)/20)/(4/i). Suppose -5*n + g = -3*n. What i